{"id":2948,"date":"2023-03-05T13:23:07","date_gmt":"2023-03-05T12:23:07","guid":{"rendered":"https:\/\/www.qr-collect.com\/?page_id=2948"},"modified":"2025-07-12T07:29:34","modified_gmt":"2025-07-12T06:29:34","slug":"about-us","status":"publish","type":"page","link":"https:\/\/www.qr-collect.com\/index.php\/about-us\/","title":{"rendered":"\u00c0 propos"},"content":{"rendered":"\t\t<div data-elementor-type=\"wp-page\" data-elementor-id=\"2948\" class=\"elementor elementor-2948\" data-elementor-post-type=\"page\">\n\t\t\t\t\t\t<header class=\"elementor-section elementor-top-section elementor-element elementor-element-ca3970a elementor-section-content-top elementor-section-stretched elementor-section-boxed elementor-section-height-default elementor-section-height-default\" data-id=\"ca3970a\" data-element_type=\"section\" data-e-type=\"section\" data-settings=\"{&quot;stretch_section&quot;:&quot;section-stretched&quot;}\">\n\t\t\t\t\t\t<div class=\"elementor-container elementor-column-gap-default\">\n\t\t\t\t\t<div class=\"elementor-column elementor-col-100 elementor-top-column elementor-element elementor-element-38f7506\" data-id=\"38f7506\" data-element_type=\"column\" data-e-type=\"column\">\n\t\t\t<div class=\"elementor-widget-wrap elementor-element-populated\">\n\t\t\t\t\t\t<div class=\"elementor-element elementor-element-57d273f elementor-widget elementor-widget-heading\" data-id=\"57d273f\" data-element_type=\"widget\" data-e-type=\"widget\" data-widget_type=\"heading.default\">\n\t\t\t\t<div class=\"elementor-widget-container\">\n\t\t\t\t\t<p class=\"elementor-heading-title elementor-size-default\">\u00c0 propos \u2014 QR-Collect<\/p>\t\t\t\t<\/div>\n\t\t\t\t<\/div>\n\t\t\t\t\t<\/div>\n\t\t<\/div>\n\t\t\t\t\t<\/div>\n\t\t<\/header>\n\t\t\t\t<section class=\"elementor-section elementor-top-section elementor-element elementor-element-56811b4 elementor-section-boxed elementor-section-height-default elementor-section-height-default\" data-id=\"56811b4\" data-element_type=\"section\" data-e-type=\"section\">\n\t\t\t\t\t\t<div class=\"elementor-container elementor-column-gap-default\">\n\t\t\t\t\t<div class=\"elementor-column elementor-col-100 elementor-top-column elementor-element elementor-element-832eb52\" data-id=\"832eb52\" data-element_type=\"column\" data-e-type=\"column\">\n\t\t\t<div class=\"elementor-widget-wrap elementor-element-populated\">\n\t\t\t\t\t\t<div class=\"elementor-element elementor-element-1573fde elementor-hidden-tablet elementor-hidden-mobile elementor-widget elementor-widget-text-editor\" data-id=\"1573fde\" data-element_type=\"widget\" data-e-type=\"widget\" data-widget_type=\"text-editor.default\">\n\t\t\t\t<div class=\"elementor-widget-container\">\n\t\t\t\t\t\t\t\t\t<p>Chez QR-Collect, nous pensons que faire un don devrait \u00eatre simple pour tout le monde.<\/p>\n\n<p>Aujourd\u2019hui, la plupart des gens paient avec leur t\u00e9l\u00e9phone et n\u2019ont presque plus de monnaie sur eux. C\u2019est pourquoi nous avons cr\u00e9\u00e9 une solution qui permet de donner \u2014 \u00e0 tout moment, en tout lieu \u2014 simplement en scannant un QR code. Pas besoin d\u2019esp\u00e8ces, de terminal, ni m\u00eame d\u2019application mobile.<\/p>\n\n<p>L\u2019id\u00e9e de QR-Collect est n\u00e9e pendant la pand\u00e9mie de Covid, en 2021, lorsque les QR codes sont devenus un moyen s\u00fbr et courant d\u2019interagir et de payer. Nous avons alors compris qu\u2019il manquait une solution simple, s\u00e9curis\u00e9e et moderne pour collecter des dons \u2014 que ce soit pour une \u00e9glise, une cause locale ou un \u00e9v\u00e9nement ponctuel.<\/p>\n\n<p>Depuis, nous sommes reconnaissants de voir notre solution adopt\u00e9e par des \u00e9glises partout au Luxembourg et en France, et utilis\u00e9e de mani\u00e8re cr\u00e9ative : pour payer un parking, soutenir une collecte ou faciliter un \u00e9v\u00e9nement. C\u2019est un vrai privil\u00e8ge d\u2019accompagner des communaut\u00e9s qui donnent tant aux autres.<\/p>\n\n<p>Notre \u00e9quipe rassemble une solide exp\u00e9rience en technologie, marketing et d\u00e9veloppement de produits, avec des parcours dans de grandes entreprises.<br>\nNous avons con\u00e7u QR-Collect pour r\u00e9pondre \u00e0 un besoin concret, avec une solution \u00e0 la fois intuitive et fiable.<\/p>\n\n<p>Nous sommes l\u00e0 pour aider les communaut\u00e9s, les paroisses et les petites structures \u00e0 adopter une mani\u00e8re plus simple de collecter des dons \u2014 en phase avec les usages d\u2019aujourd\u2019hui.<\/p>\n\n<p><strong>Contactez-nous \u2014 nous vous accompagnons \u00e0 chaque \u00e9tape avec QR-Collect.<\/strong><\/p>\n\n<p><strong>C\u00e9dric Galichon<br>Co-fondateur, QR-Collect<\/strong><\/p>\n\t\t\t\t\t\t\t\t<\/div>\n\t\t\t\t<\/div>\n\t\t\t\t<div class=\"elementor-element elementor-element-53fe2e1 elementor-hidden-desktop elementor-widget elementor-widget-text-editor\" data-id=\"53fe2e1\" data-element_type=\"widget\" data-e-type=\"widget\" data-widget_type=\"text-editor.default\">\n\t\t\t\t<div class=\"elementor-widget-container\">\n\t\t\t\t\t\t\t\t\t<p>Chez QR-Collect, on pense que faire un don devrait \u00eatre aussi simple que possible.<\/p>\n\n<p>Beaucoup de gens n\u2019ont plus de monnaie. Avec QR-Collect, ils peuvent donner en quelques secondes \u2014 juste avec leur t\u00e9l\u00e9phone, sans terminal ni application. Depuis 2021, notre solution est utilis\u00e9e par des \u00e9glises, des associations et lors d\u2019\u00e9v\u00e9nements, partout au Luxembourg et en France.<\/p>\n\n<p>Notre mission : rendre la collecte de dons plus simple, plus moderne, et accessible \u00e0 tous.<\/p>\n\n<p><strong>Contactez-nous \u2014 nous vous accompagnons \u00e0 chaque \u00e9tape avec QR-Collect.<\/strong><\/p>\n\n<p><strong>C\u00e9dric Galichon<br>Co-fondateur, QR-Collect<\/strong><\/p>\n\t\t\t\t\t\t\t\t<\/div>\n\t\t\t\t<\/div>\n\t\t\t\t\t<\/div>\n\t\t<\/div>\n\t\t\t\t\t<\/div>\n\t\t<\/section>\n\t\t\t\t<section class=\"elementor-section elementor-top-section elementor-element elementor-element-5bc33d4 elementor-section-boxed elementor-section-height-default elementor-section-height-default\" data-id=\"5bc33d4\" data-element_type=\"section\" data-e-type=\"section\">\n\t\t\t\t\t\t<div class=\"elementor-container elementor-column-gap-default\">\n\t\t\t\t\t<div class=\"elementor-column elementor-col-33 elementor-top-column elementor-element elementor-element-3768ade\" data-id=\"3768ade\" data-element_type=\"column\" data-e-type=\"column\">\n\t\t\t<div class=\"elementor-widget-wrap elementor-element-populated\">\n\t\t\t\t\t\t<div class=\"elementor-element elementor-element-307aef7 elementor-widget elementor-widget-author-box\" data-id=\"307aef7\" data-element_type=\"widget\" data-e-type=\"widget\" data-widget_type=\"author-box.default\">\n\t\t\t\t<div class=\"elementor-widget-container\">\n\t\t\t\t\t\t\t<div class=\"elementor-author-box\">\n\t\t\t\t\t\t\t<a href=\"http:\/\/www.linkedin.com\/in\/c\u00e9dric-galichon-3003362b\" target=\"_blank\" class=\"elementor-author-box__avatar\">\n\t\t\t\t\t<img decoding=\"async\" src=\"https:\/\/www.qr-collect.com\/wp-content\/uploads\/2023\/04\/CristinaCedric0475-Edit-Medium-e1693511478327-291x300.png\" alt=\"Picture of Cedric GALICHON\" loading=\"lazy\">\n\t\t\t\t<\/a>\n\t\t\t\n\t\t\t<div class=\"elementor-author-box__text\">\n\t\t\t\t\t\t\t\t\t<a href=\"http:\/\/www.linkedin.com\/in\/c\u00e9dric-galichon-3003362b\" target=\"_blank\">\n\t\t\t\t\t\t<h4 class=\"elementor-author-box__name\">\n\t\t\t\t\t\t\tCedric GALICHON\t\t\t\t\t\t<\/h4>\n\t\t\t\t\t<\/a>\n\t\t\t\t\n\t\t\t\t\t\t\t\t\t<div class=\"elementor-author-box__bio\">\n\t\t\t\t\t\t<p>CEO and Head of Product<\/p>\n\t\t\t\t\t<\/div>\n\t\t\t\t\n\t\t\t\t\t\t\t<\/div>\n\t\t<\/div>\n\t\t\t\t\t\t<\/div>\n\t\t\t\t<\/div>\n\t\t\t\t\t<\/div>\n\t\t<\/div>\n\t\t\t\t<div class=\"elementor-column elementor-col-33 elementor-top-column elementor-element elementor-element-2131c89\" data-id=\"2131c89\" data-element_type=\"column\" data-e-type=\"column\">\n\t\t\t<div class=\"elementor-widget-wrap elementor-element-populated\">\n\t\t\t\t\t\t<div class=\"elementor-element elementor-element-46111e7 elementor-widget elementor-widget-author-box\" data-id=\"46111e7\" data-element_type=\"widget\" data-e-type=\"widget\" data-widget_type=\"author-box.default\">\n\t\t\t\t<div class=\"elementor-widget-container\">\n\t\t\t\t\t\t\t<div class=\"elementor-author-box\">\n\t\t\t\t\t\t\t<a href=\"https:\/\/www.linkedin.com\/in\/cristina-hanganu-351621111\/\" target=\"_blank\" class=\"elementor-author-box__avatar\">\n\t\t\t\t\t<img decoding=\"async\" src=\"https:\/\/www.qr-collect.com\/wp-content\/uploads\/2023\/03\/CH.jpeg\" alt=\"Picture of Cristina HANGANU\" loading=\"lazy\">\n\t\t\t\t<\/a>\n\t\t\t\n\t\t\t<div class=\"elementor-author-box__text\">\n\t\t\t\t\t\t\t\t\t<a href=\"https:\/\/www.linkedin.com\/in\/cristina-hanganu-351621111\/\" target=\"_blank\">\n\t\t\t\t\t\t<h4 class=\"elementor-author-box__name\">\n\t\t\t\t\t\t\tCristina HANGANU\t\t\t\t\t\t<\/h4>\n\t\t\t\t\t<\/a>\n\t\t\t\t\n\t\t\t\t\t\t\t\t\t<div class=\"elementor-author-box__bio\">\n\t\t\t\t\t\t<p>Marketing Lead<\/p>\n\t\t\t\t\t<\/div>\n\t\t\t\t\n\t\t\t\t\t\t\t<\/div>\n\t\t<\/div>\n\t\t\t\t\t\t<\/div>\n\t\t\t\t<\/div>\n\t\t\t\t\t<\/div>\n\t\t<\/div>\n\t\t\t\t<div class=\"elementor-column elementor-col-33 elementor-top-column elementor-element elementor-element-bbd90d5\" data-id=\"bbd90d5\" data-element_type=\"column\" data-e-type=\"column\">\n\t\t\t<div class=\"elementor-widget-wrap elementor-element-populated\">\n\t\t\t\t\t\t<div class=\"elementor-element elementor-element-f75b237 elementor-widget elementor-widget-author-box\" data-id=\"f75b237\" data-element_type=\"widget\" data-e-type=\"widget\" data-widget_type=\"author-box.default\">\n\t\t\t\t<div class=\"elementor-widget-container\">\n\t\t\t\t\t\t\t<div class=\"elementor-author-box\">\n\t\t\t\t\t\t\t<a href=\"https:\/\/www.linkedin.com\/in\/st\u00e9phane-le-goff-95888b28\/\" target=\"_blank\" class=\"elementor-author-box__avatar\">\n\t\t\t\t\t<img decoding=\"async\" src=\"https:\/\/www.qr-collect.com\/wp-content\/uploads\/2023\/03\/SLG-300x300.jpeg\" alt=\"Picture of Stephane Le GOFF\" loading=\"lazy\">\n\t\t\t\t<\/a>\n\t\t\t\n\t\t\t<div class=\"elementor-author-box__text\">\n\t\t\t\t\t\t\t\t\t<a href=\"https:\/\/www.linkedin.com\/in\/st\u00e9phane-le-goff-95888b28\/\" target=\"_blank\">\n\t\t\t\t\t\t<h4 class=\"elementor-author-box__name\">\n\t\t\t\t\t\t\tStephane Le GOFF\t\t\t\t\t\t<\/h4>\n\t\t\t\t\t<\/a>\n\t\t\t\t\n\t\t\t\t\t\t\t\t\t<div class=\"elementor-author-box__bio\">\n\t\t\t\t\t\t<p>Global Sales Director<\/p>\n\t\t\t\t\t<\/div>\n\t\t\t\t\n\t\t\t\t\t\t\t<\/div>\n\t\t<\/div>\n\t\t\t\t\t\t<\/div>\n\t\t\t\t<\/div>\n\t\t\t\t\t<\/div>\n\t\t<\/div>\n\t\t\t\t\t<\/div>\n\t\t<\/section>\n\t\t\t\t<section class=\"elementor-section elementor-top-section elementor-element elementor-element-08216de elementor-section-boxed elementor-section-height-default elementor-section-height-default\" data-id=\"08216de\" data-element_type=\"section\" data-e-type=\"section\">\n\t\t\t\t\t\t<div class=\"elementor-container elementor-column-gap-default\">\n\t\t\t\t\t<div class=\"elementor-column elementor-col-25 elementor-top-column elementor-element elementor-element-8dd99c4\" data-id=\"8dd99c4\" data-element_type=\"column\" data-e-type=\"column\">\n\t\t\t<div class=\"elementor-widget-wrap\">\n\t\t\t\t\t\t\t<\/div>\n\t\t<\/div>\n\t\t\t\t<div class=\"elementor-column elementor-col-25 elementor-top-column elementor-element elementor-element-eae4368\" data-id=\"eae4368\" data-element_type=\"column\" data-e-type=\"column\">\n\t\t\t<div class=\"elementor-widget-wrap elementor-element-populated\">\n\t\t\t\t\t\t<div class=\"elementor-element elementor-element-1bb815a elementor-widget elementor-widget-author-box\" data-id=\"1bb815a\" data-element_type=\"widget\" data-e-type=\"widget\" data-widget_type=\"author-box.default\">\n\t\t\t\t<div class=\"elementor-widget-container\">\n\t\t\t\t\t\t\t<div class=\"elementor-author-box\">\n\t\t\t\t\t\t\t<a href=\"https:\/\/www.linkedin.com\/in\/cedric-le-goff-4b2b1228\/\" target=\"_blank\" class=\"elementor-author-box__avatar\">\n\t\t\t\t\t<img decoding=\"async\" src=\"https:\/\/www.qr-collect.com\/wp-content\/uploads\/2023\/03\/CLG-300x300.jpeg\" alt=\"Picture of Cedric LE GOFF\" loading=\"lazy\">\n\t\t\t\t<\/a>\n\t\t\t\n\t\t\t<div class=\"elementor-author-box__text\">\n\t\t\t\t\t\t\t\t\t<a href=\"https:\/\/www.linkedin.com\/in\/cedric-le-goff-4b2b1228\/\" target=\"_blank\">\n\t\t\t\t\t\t<h4 class=\"elementor-author-box__name\">\n\t\t\t\t\t\t\tCedric LE GOFF\t\t\t\t\t\t<\/h4>\n\t\t\t\t\t<\/a>\n\t\t\t\t\n\t\t\t\t\t\t\t\t\t<div class=\"elementor-author-box__bio\">\n\t\t\t\t\t\t<p>Board Advisor<\/p>\n\t\t\t\t\t<\/div>\n\t\t\t\t\n\t\t\t\t\t\t\t<\/div>\n\t\t<\/div>\n\t\t\t\t\t\t<\/div>\n\t\t\t\t<\/div>\n\t\t\t\t\t<\/div>\n\t\t<\/div>\n\t\t\t\t<div class=\"elementor-column elementor-col-25 elementor-top-column elementor-element elementor-element-608b301\" data-id=\"608b301\" data-element_type=\"column\" data-e-type=\"column\">\n\t\t\t<div class=\"elementor-widget-wrap elementor-element-populated\">\n\t\t\t\t\t\t<div class=\"elementor-element elementor-element-9a9935a elementor-widget elementor-widget-author-box\" data-id=\"9a9935a\" data-element_type=\"widget\" data-e-type=\"widget\" data-widget_type=\"author-box.default\">\n\t\t\t\t<div class=\"elementor-widget-container\">\n\t\t\t\t\t\t\t<div class=\"elementor-author-box\">\n\t\t\t\t\t\t\t<a href=\"https:\/\/www.linkedin.com\/in\/g\u00e9raud-de-truchis-5a722812\/\" target=\"_blank\" class=\"elementor-author-box__avatar\">\n\t\t\t\t\t<img decoding=\"async\" src=\"https:\/\/www.qr-collect.com\/wp-content\/uploads\/2023\/08\/Geraud_Truchis-300x300.jpeg\" alt=\"Picture of Geraud de Truchis\" loading=\"lazy\">\n\t\t\t\t<\/a>\n\t\t\t\n\t\t\t<div class=\"elementor-author-box__text\">\n\t\t\t\t\t\t\t\t\t<a href=\"https:\/\/www.linkedin.com\/in\/g\u00e9raud-de-truchis-5a722812\/\" target=\"_blank\">\n\t\t\t\t\t\t<h4 class=\"elementor-author-box__name\">\n\t\t\t\t\t\t\tGeraud de Truchis\t\t\t\t\t\t<\/h4>\n\t\t\t\t\t<\/a>\n\t\t\t\t\n\t\t\t\t\t\t\t\t\t<div class=\"elementor-author-box__bio\">\n\t\t\t\t\t\t<p>France Director<\/p>\n\t\t\t\t\t<\/div>\n\t\t\t\t\n\t\t\t\t\t\t\t<\/div>\n\t\t<\/div>\n\t\t\t\t\t\t<\/div>\n\t\t\t\t<\/div>\n\t\t\t\t\t<\/div>\n\t\t<\/div>\n\t\t\t\t<div class=\"elementor-column elementor-col-25 elementor-top-column elementor-element elementor-element-24d38bc\" data-id=\"24d38bc\" data-element_type=\"column\" data-e-type=\"column\">\n\t\t\t<div class=\"elementor-widget-wrap\">\n\t\t\t\t\t\t\t<\/div>\n\t\t<\/div>\n\t\t\t\t\t<\/div>\n\t\t<\/section>\n\t\t\t\t<section class=\"elementor-section elementor-top-section elementor-element elementor-element-29bdafc elementor-section-boxed elementor-section-height-default elementor-section-height-default\" data-id=\"29bdafc\" data-element_type=\"section\" data-e-type=\"section\">\n\t\t\t\t\t\t<div class=\"elementor-container elementor-column-gap-default\">\n\t\t\t\t\t<div class=\"elementor-column elementor-col-100 elementor-top-column elementor-element elementor-element-de4deb3\" data-id=\"de4deb3\" data-element_type=\"column\" data-e-type=\"column\">\n\t\t\t<div class=\"elementor-widget-wrap elementor-element-populated\">\n\t\t\t\t\t\t<div class=\"elementor-element elementor-element-ea9ea54 elementor-widget elementor-widget-text-editor\" data-id=\"ea9ea54\" data-element_type=\"widget\" data-e-type=\"widget\" data-widget_type=\"text-editor.default\">\n\t\t\t\t<div class=\"elementor-widget-container\">\n\t\t\t\t\t\t\t\t\t<p style=\"font-size: 0.85em; color: #666;\">\n  <em>QR-Collect est propos\u00e9 au Royaume-Uni par LG Brothers Ltd et dans l\u2019Union europ\u00e9enne par CG.<\/em>\n<\/p>\n\t\t\t\t\t\t\t\t<\/div>\n\t\t\t\t<\/div>\n\t\t\t\t\t<\/div>\n\t\t<\/div>\n\t\t\t\t\t<\/div>\n\t\t<\/section>\n\t\t\t\t<\/div>\n\t\t","protected":false},"excerpt":{"rendered":"<p>\u00c0 propos \u2014 QR-Collect Chez QR-Collect, nous pensons que faire un don devrait \u00eatre simple pour tout le monde. Aujourd\u2019hui, la plupart des gens paient avec leur t\u00e9l\u00e9phone et n\u2019ont presque plus de monnaie sur eux. C\u2019est pourquoi nous avons cr\u00e9\u00e9 une solution qui permet de donner \u2014 \u00e0 tout moment, en tout lieu \u2014 [&hellip;]<\/p>\n","protected":false},"author":2,"featured_media":0,"parent":0,"menu_order":0,"comment_status":"closed","ping_status":"closed","template":"","meta":{"footnotes":""},"class_list":["post-2948","page","type-page","status-publish","hentry"],"_links":{"self":[{"href":"https:\/\/www.qr-collect.com\/index.php\/wp-json\/wp\/v2\/pages\/2948","targetHints":{"allow":["GET"]}}],"collection":[{"href":"https:\/\/www.qr-collect.com\/index.php\/wp-json\/wp\/v2\/pages"}],"about":[{"href":"https:\/\/www.qr-collect.com\/index.php\/wp-json\/wp\/v2\/types\/page"}],"author":[{"embeddable":true,"href":"https:\/\/www.qr-collect.com\/index.php\/wp-json\/wp\/v2\/users\/2"}],"replies":[{"embeddable":true,"href":"https:\/\/www.qr-collect.com\/index.php\/wp-json\/wp\/v2\/comments?post=2948"}],"version-history":[{"count":86,"href":"https:\/\/www.qr-collect.com\/index.php\/wp-json\/wp\/v2\/pages\/2948\/revisions"}],"predecessor-version":[{"id":3465,"href":"https:\/\/www.qr-collect.com\/index.php\/wp-json\/wp\/v2\/pages\/2948\/revisions\/3465"}],"wp:attachment":[{"href":"https:\/\/www.qr-collect.com\/index.php\/wp-json\/wp\/v2\/media?parent=2948"}],"curies":[{"name":"wp","href":"https:\/\/api.w.org\/{rel}","templated":true}]}}